{"id":2344,"date":"2019-11-02T13:18:43","date_gmt":"2019-11-02T12:18:43","guid":{"rendered":"https:\/\/yoga-stile-im-vergleich.de\/vitajte-na-nasej-webovej-stranke\/2344-2\/"},"modified":"2025-04-30T11:42:32","modified_gmt":"2025-04-30T09:42:32","slug":"2344-2","status":"publish","type":"page","link":"https:\/\/yoga-stile-im-vergleich.de\/sk\/vitajte-na-nasej-webovej-stranke\/2344-2\/","title":{"rendered":""},"content":{"rendered":"\n<p>Na jogovej sc\u00e9ne pretrv\u00e1va mnoho m\u00fdtov, ale pri bli\u017e\u0161om poh\u013eade sa men\u00ed vn\u00edmanie hist\u00f3rie jogy, ako aj praktizovanie cvi\u010den\u00ed v s\u00fa\u010dasnosti. S\u00fa jogov\u00e9 cvi\u010denia len fyzick\u00fdmi cvi\u010deniami na udr\u017eanie zdravia a relax\u00e1ciu, alebo sa daj\u00fa vyu\u017ei\u0165 aj na osobn\u00fd duchovn\u00fd rozvoj? <\/p>\n\n<p>Je tu tie\u017e ot\u00e1zka, \u010di je syst\u00e9m jogy vhodn\u00fd na podporu individuality \u013eud\u00ed. M\u00f4\u017eu jogov\u00e9 cvi\u010denia aj dnes dosiahnu\u0165 to, \u010do bolo kedysi v ich filozofii ur\u010den\u00e9 na oslobodenie \u010dloveka, na op\u00e4tovn\u00e9 spojenie du\u0161e s kozmick\u00fdm? <\/p>\n\n<p>Ak \u00e1no, ako by sa mala joga organizova\u0165 v dne\u0161nej dobe, aby sa nielen cvi\u010dilo a udr\u017eiavalo zdrav\u00e9 telo, ale aby sa podporoval aj rozvoj osobnosti s jej du\u0161evn\u00fdmi a duchovn\u00fdmi schopnos\u0165ami v s\u00falade s dobou?<\/p>\n\n<p>Mnoh\u00fdm z t\u00fdchto zauj\u00edmav\u00fdch ot\u00e1zok a porovn\u00e1vac\u00edch \u00favah sa venujeme v aktu\u00e1lnych \u010dl\u00e1nkoch na <a href=\"http:\/\/yoga-stile-im-vergleich.de\/blog\/\">blogu.<\/a> <\/p>\n\n<p>Pr\u00edjemn\u00e9 \u010d\u00edtanie,<br\/>Angelika  <br\/><\/p>\n\n<p class=\"has-text-align-center has-small-font-size\"><strong><em>Toto je neziskov\u00e1 str\u00e1nka!  <\/em><\/strong><br\/><strong><em>Nie s\u00fa za t\u00fdm \u017eiadne komer\u010dn\u00e9 z\u00e1mery.  <br\/>Jeho jedin\u00fdm cie\u013eom je u\u013eah\u010di\u0165 v\u00fdmenu a dial\u00f3g medzi \u013eu\u010fmi a ich cestami jogovej praxe.<\/em><\/strong><\/p>\n\n<hr class=\"wp-block-separator has-css-opacity\"\/>\n\n<p class=\"has-small-font-size\">Obr\u00e1zok na ob\u00e1lke: Julija Mazover<\/p>\n\n<p><\/p>\n","protected":false},"excerpt":{"rendered":"<p>Na jogovej sc\u00e9ne pretrv\u00e1va mnoho m\u00fdtov, ale pri bli\u017e\u0161om poh\u013eade sa men\u00ed vn\u00edmanie hist\u00f3rie jogy, ako aj praktizovanie cvi\u010den\u00ed v s\u00fa\u010dasnosti. S\u00fa jogov\u00e9 cvi\u010denia len fyzick\u00fdmi cvi\u010deniami na udr\u017eanie zdravia a relax\u00e1ciu, alebo sa daj\u00fa vyu\u017ei\u0165 aj na osobn\u00fd duchovn\u00fd rozvoj? Je tu tie\u017e ot\u00e1zka, \u010di je syst\u00e9m jogy vhodn\u00fd na podporu individuality \u013eud\u00ed. M\u00f4\u017eu &hellip; <\/p>\n<p class=\"link-more\"><a href=\"https:\/\/yoga-stile-im-vergleich.de\/sk\/vitajte-na-nasej-webovej-stranke\/2344-2\/\" class=\"more-link\">Pokra\u010dova\u0165 v \u010d\u00edtan\u00ed<span class=\"screen-reader-text\"> &#8222;&#8220;<\/span><\/a><\/p>\n","protected":false},"author":1,"featured_media":2055,"parent":2220,"menu_order":0,"comment_status":"closed","ping_status":"closed","template":"","meta":{"footnotes":""},"class_list":["post-2344","page","type-page","status-publish","has-post-thumbnail","hentry"],"aioseo_notices":[],"_links":{"self":[{"href":"https:\/\/yoga-stile-im-vergleich.de\/sk\/wp-json\/wp\/v2\/pages\/2344","targetHints":{"allow":["GET"]}}],"collection":[{"href":"https:\/\/yoga-stile-im-vergleich.de\/sk\/wp-json\/wp\/v2\/pages"}],"about":[{"href":"https:\/\/yoga-stile-im-vergleich.de\/sk\/wp-json\/wp\/v2\/types\/page"}],"author":[{"embeddable":true,"href":"https:\/\/yoga-stile-im-vergleich.de\/sk\/wp-json\/wp\/v2\/users\/1"}],"replies":[{"embeddable":true,"href":"https:\/\/yoga-stile-im-vergleich.de\/sk\/wp-json\/wp\/v2\/comments?post=2344"}],"version-history":[{"count":1,"href":"https:\/\/yoga-stile-im-vergleich.de\/sk\/wp-json\/wp\/v2\/pages\/2344\/revisions"}],"predecessor-version":[{"id":2345,"href":"https:\/\/yoga-stile-im-vergleich.de\/sk\/wp-json\/wp\/v2\/pages\/2344\/revisions\/2345"}],"up":[{"embeddable":true,"href":"https:\/\/yoga-stile-im-vergleich.de\/sk\/wp-json\/wp\/v2\/pages\/2220"}],"wp:featuredmedia":[{"embeddable":true,"href":"https:\/\/yoga-stile-im-vergleich.de\/sk\/wp-json\/wp\/v2\/media\/2055"}],"wp:attachment":[{"href":"https:\/\/yoga-stile-im-vergleich.de\/sk\/wp-json\/wp\/v2\/media?parent=2344"}],"curies":[{"name":"wp","href":"https:\/\/api.w.org\/{rel}","templated":true}]}}

<p>Na jogovej scéne pretrváva mnoho mýtov, ale pri bližšom pohľade sa mení vnímanie histórie jogy, ako aj praktizovanie cvičení v súčasnosti. Sú jogové cvičenia len fyzickými cvičeniami na udržanie zdravia a relaxáciu, alebo sa dajú využiť aj na osobný duchovný rozvoj? </p>

<p>Je tu tiež otázka, či je systém jogy vhodný na podporu individuality ľudí. Môžu jogové cvičenia aj dnes dosiahnuť to, čo bolo kedysi v ich filozofii určené na oslobodenie človeka, na opätovné spojenie duše s kozmickým? </p>

<p>Ak áno, ako by sa mala joga organizovať v dnešnej dobe, aby sa nielen cvičilo a udržiavalo zdravé telo, ale aby sa podporoval aj rozvoj osobnosti s jej duševnými a duchovnými schopnosťami v súlade s dobou?</p>

<p>Mnohým z týchto zaujímavých otázok a porovnávacích úvah sa venujeme v aktuálnych článkoch na <a href="http://yoga-stile-im-vergleich.de/blog/">blogu.</a> </p>

<p>Príjemné čítanie,<br/>Angelika  <br/></p>

<p class="has-text-align-center has-small-font-size"><strong><em>Toto je nezisková stránka!  </em></strong><br/><strong><em>Nie sú za tým žiadne komerčné zámery.  <br/>Jeho jediným cieľom je uľahčiť výmenu a dialóg medzi ľuďmi a ich cestami jogovej praxe.</em></strong></p>

<hr class="wp-block-separator has-css-opacity"/>

<p class="has-small-font-size">Obrázok na obálke: Julija Mazover</p>

<p></p>

<p>Na jogovej scéne pretrváva mnoho mýtov, ale pri bližšom pohľade sa mení vnímanie histórie jogy, ako aj praktizovanie cvičení v súčasnosti. Sú jogové cvičenia len fyzickými cvičeniami na udržanie zdravia a relaxáciu, alebo sa dajú využiť aj na osobný duchovný rozvoj? Je tu tiež otázka, či je systém jogy vhodný na podporu individuality ľudí. Môžu &hellip; </p>
<p class="link-more"><a href="https://yoga-stile-im-vergleich.de/sk/vitajte-na-nasej-webovej-stranke/2344-2/" class="more-link">Pokračovať v čítaní<span class="screen-reader-text"> &#8222;&#8220;</span></a></p>
